se 4) to base 2.
110010001010001000
Convert -25061300 (base 7) to base 15.
-2e6b02
Convert 8a32 (base 11) to base 12.
6a71
Convert -20012221201212 (base 3) to base 14.
-620a62
Convert 1163341 (base 11) to base 6.
111222203
-33401342 (base 6) to base 9
-1811128
Convert 3665264 (base 10) to base 3.
20220012210112
What is 5351016 (base 9) in base 14?
549221
-642167 (base 10) to base 8
-2346167
What is -5d40b2 (base 14) in base 10?
-3199660
Convert -244121331 (base 5) to base 7.
-12603243
cb0e16 (base 15) to base 3
200012102020110
What is -3004109 (base 12) in base 4?
-202030232121
-11545120 (base 6) to base 15
-75259
Convert 110011010111000111 (base 2) to base 7.
1534224
What is 5116046 (base 8) in base 11?
842884
What is 15046152 (base 7) in base 8?
5334260
-4078316 (base 10) to base 6
-223225032
Convert 2a444 (base 12) to base 14.
178d6
102421322 (base 5) to base 10
435837
What is -3bb96 (base 15) in base 2?
-101110110010000000
Convert 24763 (base 12) to base 15.
e9cc
Convert -14423535 (base 6) to base 13.
-147119
What is -260005645 (base 7) in base 11?
-9331376
3034222 (base 5) to base 12
24654
What is 11164624 (base 7) in base 4?
3231310021
What is 120112000011 (base 3) in base 8?
1124457
Convert -12120015 (base 8) to base 3.
-12000021010220
Convert 1010011011010010011 (base 2) to base 3.
122100122202
Convert -494 (base 14) to base 3.
-1020212
What is 15116414 (base 7) in base 10?
1433261
Convert -d42d25 (base 15) to base 16.
-99def5
-4213113 (base 5) to base 7
-410310
-10275463 (base 9) to base 16
-4b8bec
Convert -1559507 (base 14) to base 12.
-35b3717
Convert 300801 (base 11) to base 7.
4054302
What is -5240045 (base 7) in base 8?
-2321310
-13a146 (base 13) to base 5
-110313143
What is -51416a (base 11) in base 14?
-176b45
What is 383131 (base 10) in base 14?
9d8a7
What is 3012313 (base 6) in base 3?
21012112100
Convert 502543054 (base 6) to base 10.
8536138
Convert 4065463 (base 10) to base 4.
33200202313
Convert 7e05cd (base 16) to base 7.
130125531
What is 335332034 (base 6) in base 2?
10111011010111011010110
Convert 19099 (base 10) to base 8.
45233
522494 (base 10) to base 16
7f8fe
Convert 111202010210222 (base 3) to base 4.
123313133111
420c00 (base 15) to base 13
85cb60
Convert 32202 (base 10) to base 7.
162612
45a373 (base 11) to base 5
141344122
Convert -2535a74 (base 11) to base 6.
-234151302
What is -5645347 (base 9) in base 2?
-1011100110100110001010
11100102000 (base 3) to base 16
14e56
Convert 14014312 (base 5) to base 11.
97619
What is -23013010 (base 4) in base 16?
-b1c4
What is 32135 (base 7) in base 6?
100512
Convert -342254 (base 8) to base 11.
-7a07a
Convert 1116633 (base 8) to base 10.
302491
Convert c2cb2 (base 14) to base 13.
135610
-30106332 (base 7) to base 14
-48b452
Convert 11012111 (base 5) to base 13.
34113
Convert 621623 (base 7) to base 9.
171728
What is 22243 (base 9) in base 8?
34675
Convert -530543 (base 6) to base 12.
-20a53
What is -30404500 (base 6) in base 11?
-546128
146d3 (base 16) to base 2
10100011011010011
2132123034 (base 5) to base 11
263a503
What is -321223313 (base 6) in base 12?
-1a91b39
-352154322 (base 6) to base 10
-6547082
What is -14749548 (base 10) in base 9?
-30670516
What is -729087 (base 11) in base 12?
-484409
9a9302 (base 16) to base 14
14b9a82
585786 (base 10) to base 16
8f03a
20050523 (base 6) to base 4
2022110103
-883d3 (base 16) to base 9
-1040428
Convert 27645746 (base 8) to base 11.
3586251
Convert 354d6 (base 16) to base 15.
44a51
299560 (base 16) to base 2
1010011001010101100000
-3843534 (base 9) to base 7
-23545366
What is 1202112110 (base 3) in base 9?
52473
What is -10502a8 (base 11) in base 13?
-4c7aba
Convert -13a0c3 (base 15) to base 6.
-32131503
100001001100011110001 (base 2) to base 4
10021203301
Convert 12210011212120 (base 3) to base 16.
2ee834
What is -2001210011211 (base 3) in base 13?
-2c5a0b
What is 2220434241 (base 5) in base 9?
10124781
What is -2022011020011 (base 3) in base 14?
-23bbda
What is 1111000011110110000 (base 2) in base 13?
143808
10111010000100100000 (base 2) to base 15
100c49
What is 121535354 (base 6) in base 16?
238e16
Convert 10010111110100100 (base 2) to base 8.
227644
Convert -17762 (base 8) to base 7.
-32562
What is -40502441 (base 6) in base 11?
-721a41
Convert 110122221101 (base 3) to base 5.
30434044
What is -2158312 (base 9) in base 7?
-12603215
What is 110011000101100111100 (base 2) in base 10?
1674044
What is -2200120222 (base 3) in base 15?
-10a2e
-411423433 (base 5) to base 11
-a41080
ad401d (base 16) to base 4
223110000131
Convert -76176 (base 11) to base 13.
-3b4b8
48a2 (base 12) to base 7
32603
What is -1160534 (base 8) in base 9?
-536653
What is 122023244 (base 6) in base 16?
23a58c
541bab (base 16) to base 15
73d33c
What is -11001001010100110111 (base 2) in base 14?
-176743
What is -4482 (base 14) in base 10?
-11874
What is 235253540 (base 7) in base 16?
df5185
212303212 (base 6) to base 8
16250770
-12112606 (base 7) to base 15
-164aaa
226213 (base 8) to base 11
52895
-2ad32e (base 15) to base 12
-839822
Convert -653b2 (base 16) to base 7.
-3344604
1c592c (base 13) to base 5
141222234
What is 1010212102011 (base 3) in base 5?
123420213
Convert 24244434 (base 5) to base 10.
228119
Convert -211211010110 (base 3) to base 2.
-1101101101010000101
Convert 22402241 (base 5) to base 4.
300322001
-1365034 (base 8) to base 10
-387612
What is -3210322012 (base 4) in base 9?
-1678134
62686 (base 13) to base 11
110994
What is -6bf78 (base 16) in base 11?
-28228a
-18a145 (base 12) to base 13
-12194c
Convert -2b63b (base 16) to base 15.
-379d3
What is 127421 (base 14) in base 9?
1166546
1220210001011 (base 3) to base 4
3320310211
-1001111100011010110 (base 2) to base 16
-4f8d6
What is -1051226 (base 8) in base 4?
-1011022112
1252014 (base 6) to base 10
69130
Convert -103222340 (base 5) to base 3.
-211121220021
What is -1420314 (base 7) in base 14?
-4d27b
What is -1310104344 (base 5) in base 3?
-20000220222012
Convert -182862 (base 9) to base 15.
-23a4e
What is -6974a7 (base 12) in base 8?
-6351377
Convert 101110211322 (base 4) to base 3.
22112200210120
-101010011011111111010 (base 2) to base 6
-45445522
What is 233420031 (base 5) in base 13?
2b8b59
Convert -7412077 (base 10) to base 4.
-130101211231
Convert 1000101010011010110111 (base 2) to base 6.
120401235
What is -527946 (base 11) in base 16?
-ce4c1
Convert -14054313 (base 6) to base 12.
-1aa399
What is -61478 (base 12) in base 13?
-4594a
Convert 34775736 (base 8) to base 16.
73fbde
100111011110111000000 (base 2) to base 16
13bdc0
What is 34253140 (base 8) in base 6?
423111224
Convert 1708508 (base 10) to base 5.
414133013
Convert 29263 (base 16) to base 2.
101001001001100011
Convert 2112211102 (base 3) to base 8.
142001
What is 1225020 (base 6) in base 13?
23cb8
Convert -14362511 (base 7) to base 8.
-5140041
What is 10001110001000100001011 (base 2) in base 16?
47110b
What is -2100010221102 (base 3) in base 16?
-12f716
2302420241 (base 5) to base 10
5123196
Convert -222201020 (base 4) to base 8.
-524110
Convert 11002120 (base 6) to base 10.
327072
What is 31144202 (base 5) in base 4?
332202301
What is -1546483 (base 9) in base 4?
-3101121213
2022033222 (base 4) to base 11
357483
What is -11010011111010000 (base 2) in base 13?
-3a4cb
What is -23342002 (base 5) in base 7?
-1554362
Convert 4403639 (base 10) to base 4.
100303012313
2236298 (base 10) to base 4
20201332022
What is -26036 (base 10) in base 15?
-7aab
Convert -34363565 (base 7) to base 14.
-583da5
-ae58b (base 15) to base 10
-554756
-43792 (base 14) to base 10
-163396
4765314 (base 9) to base 4
21312131212
1335511 (base 6) to base 2
10010010110000011
Convert 375049 (base 14) to base 7.
22055122
-3b266c (base 13) to base 6
-50420444
What is 67665 (base 8) in base 3?
1110020011
What is 1377a6a (base 12) in base 2?
1110110110000000110010
Convert 29ad35 (base 14) to base 16.
1625a3
Convert -201200012100 (base 3) to base 4.
-1132202223
32824 (base 9) to base 16
5533
Convert -84c84 (base 14) to base 11.
-1aa001
2526270 (base 8) to base 10
699576
1511134 (base 7) to base 14
54754
Convert -1c516 (base 15) to base 4.
-112201233
1002012211 (base 3) to base 15
649d
-100130131310 (base 4) to base 15
-5a2485
What is b9958 (base 12) in bas